 29. What is the highest common factor of 66 and b?
6
Let t = -161 - -194. Let s(w) = -3*w - 7. Let z be s(-6). Calculate the greatest common factor of t and z.
11
Suppose 0 = 4*x + a - 51, -a - 34 - 6 = -3*x. Calculate the highest common divisor of 52 and x.
13
Suppose 5*v - 790 = -150. Let j(g) = -10*g - 8. Let o be j(-4). What is the greatest common factor of o and v?
32
Suppose -100 = -4*t + g, 2*t + g = -4*g + 28. Let c(u) = -8*u**3 + 2*u**2 - 6*u - 8. Let v be c(-1). What is the highest common factor of t and v?
8
Suppose 4917*h - 120 = 4907*h. Calculate the greatest common factor of 106 and h.
2
Let h(f) = 15*f**3 + 2*f**2 - 2. Let q be h(1). Calculate the greatest common factor of q and 15.
15
Let z(l) be the first derivative of -3*l**2 - 18*l - 15. Let o be z(-18). What is the highest common divisor of o and 10?
10
Suppose 448 = b + 7*b. Suppose 4*l - b = -10*l. What is the greatest common factor of 5 and l?
1
Suppose 0 = -u - 3, 5*y - 755 = 5*u + 260. What is the greatest common divisor of 450 and y?
50
Suppose -97*m + 8 = -96*m. Calculate the highest common divisor of m and 632.
8
Suppose -2*l - 4*k + 1 = -1, -14 = 4*l - k. Let p be (-43)/(-2) - ((-15)/10 - l). What is the highest common factor of p and 60?
20
Let c(g) = -g**3 + 14*g**2 - 9*g - 36. Let y be c(13). Calculate the greatest common factor of 40 and y.
8
Let h(z) = -z**2 - 7*z - 1. Let u be h(-5). Suppose u = -j + 6. Let d = 4 + j. Calculate the greatest common divisor of 3 and d.
1
Suppose -14 = 3*u - 35. Let w(i) = -i**3 - 9*i**2 + 8*i - 22. Let s be w(-10). Let q be -7*(-4 - s - 5). What is the highest common factor of u and q?
7
Suppose l - 12 = -7. Let a be (-10)/(l/(-3) - -1). Calculate the greatest common factor of a and 105.
15
Suppose 0 = c - 90 - 47. Let f = c + -65. Suppose 5*y = 4*y + f. What is the highest common factor of 9 and y?
9
Suppose 44 = 2*c - 74. Let i = -39 + c. What is the greatest common divisor of 4 and i?
4
Let v be (-1 + -2 + 4)*16. Let o = -2 + 7. Suppose -2*y - o*m + 42 = 0, -m - 46 = -3*y - 0*m. Calculate the greatest common divisor of y and v.
16
Let m(p) = -p + 257. Let l be m(-19). Calculate the highest common factor of l and 4.
4
Let q be 4/(-6) - 9768/(-99). Calculate the greatest common divisor of q and 14.
14
Let j = 65 + -56. Suppose -j*k + 667 = -35. What is the greatest common divisor of k and 6?
6
Suppose 674 = 4*f + 3*i, i - 2 = -4. What is the highest common factor of 10 and f?
10
Let d = -4 + -2. Let h = d + 19. Calculate the greatest common divisor of 65 and h.
13
Let z = 66 + -32. Suppose 6*h - z = 86. Calculate the greatest common divisor of h and 160.
20
Let j be 61 + (1 - 6/(-3)). Let g be (-4)/(-18) + j/36. Suppose 153 = g*p + 3. Calculate the highest common divisor of p and 15.
15
Let u(p) = 27*p**2 - 2*p + 7. Let f be u(-3). What is the highest common factor of f and 64?
64
Let m(f) = f**3 + 2*f**2 - 5*f - 10. Let g be m(3). Calculate the greatest common divisor of g and 10.
10
Suppose 4*j - 2992 = -7*j. What is the greatest common factor of 17 and j?
17
Let f(a) = 12*a**2 - a + 1. Let h be f(1). Suppose 0 = -h*c - 0*c + 84. Calculate the highest common factor of 77 and c.
7
Let q = -109 + 129. Suppose -18*w = -q*w + 352. Calculate the greatest common factor of 32 and w.
16
Suppose 56 = 2*c + 3*a, -2*c - a = -4 - 44. Suppose -5*l = -4*l - c. What is the highest common divisor of 33 and l?
11
Let p be (-99)/(-2) + 42/(-12) + 2. What is the highest common divisor of p and 120?
24
Suppose -a + 35 = 19. Suppose -2*s + 8 = -6*s, -5*z + 25 = -5*s. Suppose 0 = -0*f + z*f - 72. Calculate the highest common factor of f and a.
8
Suppose -162 = -4*d + 3*w + 40, -5*w = 3*d - 166. Let v(i) = i**3 + 7*i**2 + 4*i - 8. Let x be v(-6). What is the greatest common factor of x and d?
4
Suppose -4*c - 9 = -5*h, -3*h + 10 + 5 = 0. Let i = 5 + -7. Let o be (c + -2 - -45) + i. Calculate the highest common factor of o and 18.
9
Suppose 4*w - 9 = 1422*j - 1427*j, -2*w = j - 15. Suppose n - 197 = -c - c, -4*n = -5*c + 499. Calculate the greatest common factor of w and c.
11
Suppose 5*w - 1013 = -2*s - 315, 2*w + 2*s = 278. Calculate the highest common factor of 10 and w.
10
Let p(d) = 5*d - 1. Let m be ((-8)/6)/(-1 + 3/9). Let k be p(m). Calculate the greatest common divisor of k and 72.
9
Suppose 0*r - 162 = -6*r. What is the highest common divisor of 24 and r?
3
Suppose 0 = -3*y + 8*y - 5*t - 785, -5*y - 3*t + 745 = 0. What is the greatest common divisor of y and 19?
19
Suppose 0 = -0*d - 4*d. Suppose d*u = 5*u - 5*m - 65, 3*u - 39 = -m. Calculate the highest common factor of 78 and u.
13
Suppose 0 = -1289*i + 1298*i - 180. What is the highest common factor of i and 220?
20
Suppose -j - 4*j = 10. Let x = 13 - j. Let n(w) = w**2 - 5*w - 30. Let t be n(9). What is the highest common divisor of x and t?
3
Let k be (-19)/38*(-5)/(10/16). Suppose 0*n - 2*n = -872. Let t be (-10)/(-55) - n/(-22). What is the highest common factor of k and t?
4
Let s be (-42966)/(-110) + (-6)/10. What is the greatest common factor of s and 715?
65
Let g be 2/(-6) + (-79)/(-3). Let r be (-1326)/(-52) + (-1)/(-2). What is the greatest common divisor of r and g?
26
Suppose -2*w = w + 6. Let o(g) = -52*g**3 - g**2 + 4*g + 3. Let r be o(w). Calculate the highest common divisor of r and 37.
37
Let j = 1716 + -1571. Calculate the greatest common factor of 1450 and j.
145
Suppose x - 8 = -3*x. Suppose 5 = -j + 31. Let b = j - 16. Calculate the greatest common factor of b and x.
2
Suppose -5*g + 4*n + 99 = -6, 0 = 5*g - n - 105. What is the greatest common factor of 336 and g?
21
Let c be (-250)/(-6) + 4/12. Let d = 133 - 28. Calculate the highest common factor of c and d.
21
Suppose 65 + 1 = 3*s. Let b be (-1148)/(-26) - s/143. Calculate the highest common divisor of 11 and b.
11
Let g(r) = r**3 + 29*r**2 + r + 40. Let p be g(-29). What is the highest common factor of p and 33?
11
Suppose -29 = 4*s - 9, -965 = -5*d + s. What is the highest common factor of d and 6?
6
Suppose 21 - 63 = -4*j - 2*t, 0 = 2*j + 3*t - 31. What is the highest common factor of 16 and j?
8
Let i be 0 + 9 + (-2)/(-1). Let s(p) = 5*p**2 - 4*p + 3. Let y be s(5). Suppose -y = -5*q + 167. What is the highest common divisor of q and i?
11
Suppose 4*v - 9*v + 45 = 0. Suppose 3*g = v*g - 12. What is the greatest common factor of 16 and g?
2
Let o be (82/(-4))/((-1210)/200 + 6). What is the greatest common divisor of 246 and o?
82
Let v be (-5)/((-4)/2 - (-21)/12). Let k = 55 - v. Calculate the greatest common factor of k and 105.
35
Suppose 342 - 357 = -3*p. What is the greatest common factor of 5 and p?
5
Suppose -2*k + 1 = -9. Suppose -93 = 2*c - 173. Calculate the highest common factor of k and c.
5
Suppose 7*s + 8 = 15*s. What is the highest common factor of s and 46?
1
Let l(q) = 4*q**2 + 9*q + 7. Let c be l(-9). Suppose 50 = 5*d - 3*d. What is the greatest common factor of d and c?
25
Let v be -3 - -4 - (1 + 0). Suppose 3*r - 2*r + a - 99 = v, -3*a - 417 = -4*r. Suppose 248 + r = 5*n. What is the highest common factor of n and 10?
10
Let l = 87 + -131. Let n = -29 - l. Calculate the greatest common divisor of n and 135.
15
Suppose -30*y - 103 + 223 = 0. What is the highest common divisor of y and 478?
2
Let c = 220 + -195. Calculate the greatest common divisor of 50 and c.
25
Let z(q) = 5*q**2 - q - 2. Let a be ((-2)/4)/(2/4). Let d be z(a). Suppose 5*o - 147 = 13. Calculate the greatest common factor of d and o.
4
Let o = 695 + -677. Calculate the greatest common divisor of 306 and o.
18
Suppose 0 = -m - 0*m - 4, 2*k - 3*m = 24. Let h(d) = 3*d**2 + 12*d + 12. Let f be h(k). Calculate the greatest common factor of 24 and f.
24
Let i(t) = 3*t + 120. Let v be i(-28). What is the greatest common factor of 84 and v?
12
Let w = -123 - -181. Suppose 0 = 4*g + 4, 5*b + 3*g = g + w. What is the greatest common factor of 96 and b?
12
Let r(n) = 163*n**3 + 2*n**2 + 3*n - 3. Let v be r(1). Calculate the greatest common factor of 75 and v.
15
Let b(i) = -i**2 + 25*i + 4. Let x be b(25). Suppose 2*k - 5*h = -0*h + 13, -35 = -x*k + h. Let d = -24 - -69. Calculate the greatest common divisor of d and k.
9
Let u be (-6)/5 - (-11775)/125. Calculate the highest common divisor of 248 and u.
31
Let a(s) = -16*s**3 